 of c and o?
7
Let o be ((-1023)/33 - -29)/(18 - 20). Suppose 3*i + 6 = -0*i. Let q be (1/(-3))/(i/18). What is the highest common divisor of o and q?
1
Let y be ((-12)/18)/((-2)/18). Suppose -8*q + y = -2010. Suppose 0 = -2*t + 25 + 31. What is the greatest common factor of q and t?
28
Let u be (-56)/(-1540) - 2990104/(-715). Calculate the highest common factor of 714 and u.
102
Let s = 38079 - 37908. Let g = 22 + -13. What is the highest common divisor of s and g?
9
Suppose 0 = -5*p - 3*g - 13, -p - 2*g - 10 = p. Calculate the greatest common divisor of 2239 and p.
1
Suppose 1815 = 71*s - 1522. What is the greatest common divisor of s and 22607?
47
Suppose -11489*y = -11469*y - 360. Calculate the greatest common divisor of 8037 and y.
9
Let t = -10918 - -20830. Calculate the highest common factor of t and 12.
12
Suppose -3*r - 12 = d, r + 1 + 3 = 2*d. Let a be ((2 - 1 - 14) + d)*-4. Let j = 96 - a. What is the highest common factor of 176 and j?
44
Let n be (8 + (-8 - 7))*-77. Calculate the highest common factor of 319 and n.
11
Let g(x) = x**3 + 9*x**2 - 4. Let o be g(-8). Let m(y) = 2 + 0 + 2 + 5*y + 1. Let z be m(3). What is the highest common factor of z and o?
20
Let i = 6073 + -5321. What is the greatest common factor of i and 64?
16
Suppose -2*s - 17 = -4*j - j, -4*j - 5*s = -40. Suppose -3*a - 39 = -d - 154, -175 = -j*a + 5*d. What is the greatest common divisor of a and 10?
10
Let u = 16620 + -16603. Calculate the highest common factor of 22729 and u.
17
Let i be 1/(-1 + -3 - 627/(-156)). Let t = 117 + i. What is the greatest common divisor of 39 and t?
13
Suppose 4*y - 1412 = -3*s + 1513, 0 = -5*s - 4*y + 4875. What is the greatest common divisor of 585 and s?
195
Suppose 38*h + 7470 = 121*h. Calculate the greatest common factor of 864 and h.
18
Let g(o) = -6*o + 89 + 95 - 162. Let s be g(5). Let q be 2*25/2*(-4 - s). What is the highest common factor of 40 and q?
20
Let f(q) = -2*q + 15. Let w be f(5). Let g = w - 2. Suppose -g*p + 6 = -12. Calculate the greatest common divisor of p and 30.
6
Let r(h) = -3*h - 7. Let y be r(-6). Let j be (8 + (-1 - -3))*(-2)/(-5). Suppose -334 = -j*z - 114. What is the highest common factor of y and z?
11
Let u = 4331 - 4156. Calculate the greatest common factor of 595 and u.
35
Let b(v) = 309*v + 2180. Let u be b(-7). Let s be 35/(-14)*-1*2. Let k = s - -63. What is the highest common factor of u and k?
17
Let v(c) = -c**3 + 18*c**2 + 41*c - 10. Let p be v(20). Suppose -26*d + p*d = -848. Calculate the highest common factor of d and 583.
53
Let k = 68 - 113. Let x = -39 - k. Suppose 2*t + x - 24 = 2*f, 5*t = 2*f + 39. What is the highest common divisor of 7 and t?
7
Let v = 255213 - 255211. Suppose -3*p - 37 - 43 = -5*r, p - 32 = -2*r. Calculate the greatest common factor of r and v.
2
Let p(u) = 139*u**2 - 7*u + 5. Let b(a) = 418*a**2 - 22*a + 16. Let m(k) = -3*b(k) + 10*p(k). Let o be m(1). Calculate the highest common factor of o and 335.
67
Let s = -702 + 926. Suppose f = -2*t - 51, f + 0*f - 4*t = -69. Let l = 85 + f. What is the greatest common divisor of s and l?
28
Let l(h) = h**3 + 3*h**2 + 2*h + 1. Let v be l(-3). Let n = 18 + v. Let z be (-182)/49*(9/6 - 5). What is the highest common divisor of z and n?
13
Suppose 0 = 45*x + x + 275*x - 16692. Suppose 0 = -0*s + s - 39. What is the highest common divisor of s and x?
13
Let w(b) = 128*b**2 - 20*b + 172. Let d be w(10). Calculate the greatest common factor of d and 103.
103
Let q(n) = -n + 631. Let j be q(41). Calculate the highest common divisor of j and 10.
10
Let l = -767 + 792. Let t(n) = 11*n - 215. Let j be t(l). What is the highest common divisor of 40 and j?
20
Let a = 7414 - 6483. Calculate the highest common factor of 247 and a.
19
Let x(c) = 14*c**2 + 7*c - 21. Let t be x(-7). Suppose -29*n = -7*n - t. Calculate the highest common divisor of 448 and n.
28
Suppose -20*p - 9*p + 2240 = 27*p. What is the greatest common divisor of 536 and p?
8
Suppose 4*a = 24 - 0. Suppose 0 = 5*o + 5, 188 = 26*p - 27*p + 4*o. Let s = p - -216. What is the greatest common divisor of s and a?
6
Let p(h) = 12*h - 15. Let z(x) = -x**2 - 10*x + 14. Suppose 0 = m - 15*m - 154. Let u be z(m). Let g be p(u). Calculate the greatest common divisor of g and 42.
21
Let r(s) = s**3 - 32*s**2 + 256*s - 66. Let c be r(19). What is the greatest common divisor of 2135 and c?
35
Let m = 131 - 116. Let q be 61 - (m/(-30))/(2/(-4)). Calculate the highest common divisor of q and 345.
15
Suppose 9*k - 3*k = 6. Let p be -1*(-135)/5*k. Suppose -15 = 4*x - 9*x. Calculate the highest common divisor of x and p.
3
Suppose 62 = 4*v - 258. Suppose 2*w = 2, -2*x = w + w - v. Suppose 17 + x = 4*k. What is the greatest common factor of 56 and k?
14
Let a = -14683 + 17664. Calculate the greatest common divisor of a and 99.
11
Let u be (215/(-65))/(3/(-18)) - (-6)/39. What is the highest common factor of u and 1315?
5
Suppose -2256*b - 250 = -2266*b. Calculate the greatest common divisor of 535 and b.
5
Let u = 108 + -106. Suppose 80 = 2*x + u. Calculate the greatest common factor of x and 273.
39
Let r = 142 + -100. Suppose 3*n - 2*t = 8, 10*n - 5*t - 5 = 5*n. Calculate the highest common factor of r and n.
6
Let s = -17931 + 18407. Calculate the highest common factor of s and 280.
28
Let n be (102 - 76)/(2 + -1). Calculate the highest common divisor of n and 4017.
13
Let f(j) = j**2 - 4*j + 23. Let h be f(5). What is the greatest common divisor of h and 19180?
28
Suppose 0 = 50*o + 68 - 268. Let k(l) = 3*l**2 + 7 - 3*l - 2*l - 5*l. Let z be k(o). What is the greatest common divisor of z and 165?
15
Suppose -4*s = 33 + 27. Let p(r) = r**2 + r + 20. Let y be p(s). Let x = -69 + 115. Calculate the highest common divisor of x and y.
46
Suppose 78*z + 233265 = 242001. Let c(a) = -a**3 + a + 14. Let r be c(0). What is the highest common factor of r and z?
14
Let z be (-10)/(-45) - 9698/(-18). Suppose -220 = -9*b + 221. What is the highest common divisor of b and z?
49
Let h = 57 - 43. Suppose 3*k = -5*v + h, -3*k + 6 = -0*k - 3*v. Let t = -15 - -24. What is the greatest common factor of t and k?
3
Suppose 22*p = -19*p + 8967 + 8253. Calculate the greatest common divisor of p and 6132.
84
Suppose 31 = 8*o - 33. Suppose o*d + 192 = 12*d. Calculate the greatest common divisor of 48 and d.
48
Let x be (0 + 2)/(84/1344). Calculate the highest common factor of x and 5536.
32
Suppose 0 = 4*f - 1576*g + 1575*g - 302, -3*f + 4*g = -220. Suppose -5*j = 0, 4*j - j + 24 = 2*a. Calculate the greatest common factor of a and f.
4
Let h(k) = k - 9. Let g be h(8). Let p be (120/(-32))/(g/44). Let t = -424 + 439. Calculate the greatest common factor of p and t.
15
Let w = -295 - -265. Let u be ((-1074)/(-5))/3 - 12/w. What is the greatest common divisor of u and 108?
36
Let r be (-51)/(20/(-300)*3). Calculate the highest common factor of 8 and r.
1
Let v(u) = u**3 + 2*u**2 - u - 73. Let n be v(0). Let m = -67 - n. Let b be (1 - 0)/m - 70/(-12). Calculate the highest common factor of b and 12.
6
Let s = 496 - 295. Let k be 9 - 16 - (1067 - 2). Let f be (2/(-4))/(8/k). Calculate the greatest common factor of f and s.
67
Let t = -1802 - -1805. Suppose 0 = 4*r - 321 + 21. Calculate the greatest common divisor of r and t.
3
Let s(k) = -k**3 - k**2 + 8*k**2 - 30*k + 24*k + 6. Let b be s(6). Suppose b*x - 124 - 422 = 0. What is the greatest common divisor of 13 and x?
13
Let r = 17526 + -17418. What is the highest common factor of 5778 and r?
54
Let j be (11/2 + 1)/((-1)/(-14)). Let f(d) = d**3 - 6*d**2 - 16*d - 1. Let h be f(8). Let u be (h/(-2))/(4/56). Calculate the highest common factor of u and j.
7
Let s be (-71)/(21868/56)*(-11)/1. Let v = 101 + -57. What is the highest common divisor of s and v?
2
Let b = 1165 + -1149. Calculate the greatest common divisor of b and 5296.
16
Let w = -3908 + 3983. Calculate the highest common divisor of 315 and w.
15
Let x(i) = 7*i + 20. Let d be x(-2). Suppose 735 = 3*c - d. Calculate the highest common divisor of c and 26.
13
Suppose -5*z = -v - 11731 - 28712, -4*v + 16208 = 2*z. What is the highest common divisor of 20 and z?
10
Let d(v) = 45*v + 235. Let r be d(-5). Calculate the highest common divisor of 830 and r.
10
Let u be (272 - (0 + -1)) + 2. Suppose -